What is the highest common divisor of f and 297?
27
Let t be ((-3)/(-4))/(9/(-12) + 1). Suppose b + 69 = 3*k + 2*k, 3*k + t*b = 45. Calculate the highest common factor of 98 and k.
14
Suppose 906 = 75*x - 1494. Calculate the highest common divisor of x and 76.
4
Suppose 0 = -y - r + 1, 5*y = -5*r + 3*r + 17. Let i = -4 + y. Let z = -112 - -121. What is the greatest common divisor of z and i?
1
Suppose 2*o - 9 = 9. Let m = -67 + 85. What is the highest common factor of o and m?
9
Suppose 70 = -4*o + 3*i - 43, o + 5*i + 57 = 0. Let x be 20*(o/10 - -4). What is the greatest common divisor of x and 2?
2
Let m(a) = -2*a - 12. Let n be m(-8). Let i be n/(-1)*(-3)/4. Let h(s) = 2*s + 3. Let g be h(15). What is the highest common factor of g and i?
3
Let n = -205 + 215. Calculate the highest common divisor of n and 130.
10
Let w be (-52641)/(-33) + (-4)/22. What is the greatest common divisor of w and 55?
55
Let i = 220 - 172. What is the highest common divisor of 54 and i?
6
Let r be (30/4)/(90/1512). What is the greatest common factor of 180 and r?
18
Let a = -15 - -18. Suppose 9*y - 336 = -a*y. Calculate the highest common divisor of 14 and y.
14
Let z(m) = -m**2 + 41*m - 114. Let x be z(37). What is the greatest common divisor of x and 68?
34
Let c(u) = u**2 + 10*u + 15. Let w be c(-12). Suppose 0 = -5*x + w - 4. Suppose x*l = 2*l + 170. What is the greatest common factor of l and 102?
34
Let v = -517 - -534. What is the highest common divisor of v and 391?
17
Let d be 70 + -51 - (1 + -10). What is the greatest common factor of d and 196?
28
Let z = -11 + 26. Suppose 0 = -8*o - o + 945. What is the highest common factor of o and z?
15
Suppose -3*h = -24*h + 63. Calculate the highest common factor of h and 32.
1
Let t be (-6)/15 + (-42)/(-5). Suppose -4*c = t - 28. Suppose 4*x - 13 = -2*k + 3*x, -2*x = -5*k + 19. What is the greatest common factor of k and c?
5
Let s be (3/((-30)/(-2072)))/(354/885). Calculate the highest common divisor of 28 and s.
14
Let k(j) = -46 + 4*j**2 - j**3 + 2*j**2 + 47. Let q be k(3). What is the highest common divisor of q and 70?
14
Suppose 5*p - 30 = -5*x, 0 = -3*x - 2*p + 3 + 11. Suppose -s + 6 - x = 0. Suppose -s*j = -99 - 13. What is the greatest common factor of 4 and j?
4
Suppose y + m = -0*m + 191, -2*y = -2*m - 374. Calculate the greatest common divisor of 252 and y.
63
Let n = -259 + 611. What is the highest common divisor of n and 32?
32
Suppose 0 = -2*a + r - 41, 2*a - 4*r + 10 = a. Let v = a - -22. Suppose -2*f = -f - 2*u - 30, -2*u - 8 = v. What is the highest common factor of f and 2?
2
Suppose 176 = 3*s + 4*i, 5*s - 4*s - 4*i - 48 = 0. What is the greatest common factor of 182 and s?
14
Let r = -2461 - -2503. What is the greatest common divisor of r and 98?
14
Let g = 23 + -14. Let i(y) be the first derivative of -y**4/4 + 8*y**3/3 + 6*y**2 + 9*y - 5. Let l be i(g). What is the greatest common divisor of 4 and l?
4
Suppose l = -h - 2, -3*l + 0*h + 5*h - 14 = 0. Let u = l + 5. Let v be (-21)/((2 - u) + -1). What is the greatest common factor of 14 and v?
7
Let r(c) = -2*c + 9. Let o be r(6). Let n(u) = -u**2 - 5*u - 3. Let b be n(o). Suppose -b*p - 324 = -5*p. What is the highest common divisor of p and 18?
18
Let a(g) = g**3 - 3*g + 2. Let w be a(2). Let t = 10 - 8. Suppose -40 = -2*d + 3*m, -3*m = 2*d - t*m - 40. What is the highest common factor of d and w?
4
Suppose -10 = n + 10. Let y = -4 - n. Let h = 84 + -60. What is the greatest common divisor of h and y?
8
Suppose -50 = -9*o - 14. Suppose 4*j + j - 16 = -3*r, 0 = j - r. Suppose d - j - 4 = 0. Calculate the greatest common divisor of o and d.
2
Let v(m) = m**3 - 40*m**2 - 126*m - 119. Let c be v(43). Suppose -y - l = 2*y - 123, -37 = -y + l. Calculate the highest common factor of y and c.
10
Let j = -7 - 16. Let z = 47 + j. What is the highest common divisor of 16 and z?
8
Let k = -18 - -23. Let u be (12/k)/((-15)/(-100)). Calculate the highest common factor of u and 24.
8
Let i(f) = f**2 + 8*f - 9. Let d be i(-9). Suppose 4 = -0*j + j, 3*u - 5*j - 55 = d. Calculate the highest common factor of u and 5.
5
Suppose 0 = -39*l + 38*l - 2*b + 24, -b = -2*l + 23. Calculate the highest common divisor of 238 and l.
14
Suppose -2*p = -2*w + 20, -3*p - 3*w = -0 + 6. Let g = p + 24. Calculate the highest common factor of 12 and g.
6
Let w be ((-5)/2 + 3)*-4 - -10. Suppose 26 + 94 = w*b. Calculate the highest common factor of b and 120.
15
Let u be ((-12)/16)/(2/(-24)). Suppose -3*i = -8*i + 30. Let l be 428/i - (-10)/15. What is the greatest common divisor of u and l?
9
Let d be 3/5 - 3829/(-35). Let c = -9 + 20. Let b be c + (-2 - -1)*1. Calculate the greatest common factor of d and b.
10
Let c be (61/(-2))/((-7)/14). Calculate the greatest common factor of c and 61.
61
Let x = -1286 + 1288. What is the highest common factor of x and 342?
2
Suppose -2*c + 2*u = -28, -u - 32 = -3*c - 0*u. Suppose c*v - 56 = -2. What is the greatest common factor of v and 42?
6
Let l be ((-195)/(-10))/(1/2). What is the highest common divisor of l and 27?
3
Suppose 2*s = -0*s + 78. Suppose 0 = 5*k + s + 61. Let f be k/(-1 - 15/(-21)). What is the greatest common divisor of f and 10?
10
Let t = -200 + 262. Calculate the greatest common divisor of 1178 and t.
62
Suppose 0 = -5*h - 0*h + 840. Suppose 0 = -y - 2, -11*v - 3*y + 106 = -7*v. What is the greatest common divisor of h and v?
28
Let o = -118 + 253. Calculate the highest common divisor of o and 5.
5
Let f(w) = 2*w**3 - 8*w**2 - 2*w + 12. Let v be f(6). What is the greatest common divisor of 45 and v?
9
Suppose 2*s = -s. Suppose s = 4*x - 8, 7*r - 7 = 2*r - x. Calculate the greatest common factor of r and 1.
1
Let w be 1/4 + 22/8. Let i be 1*w/(-1)*1. Let o be -42*(1 + i + 1). Calculate the highest common factor of o and 21.
21
Suppose -c + 3 = 2, -k + 4*c = -12. Calculate the greatest common factor of 72 and k.
8
Suppose 0 = -4*l + 3*i + 39, 2*l - 3*i = 15 + 6. Let o = l + -2. Calculate the greatest common divisor of o and 35.
7
Let h(m) = -15*m + 32. Let l be h(-3). Calculate the highest common factor of l and 28.
7
Let f be (5 - 1)/((-10)/(-305)). Suppose 0 = v + 5 - f. Let m be 16 - (-2 + 0 + 5). Calculate the greatest common divisor of v and m.
13
Suppose 6*v = 3 + 21. Let k be -20*((-5)/v + -1). What is the greatest common factor of k and 18?
9
Let u be (52/(-12) - -7)/((-6)/(-117)). What is the highest common factor of 260 and u?
52
Let o(d) = -d**3 - 3*d**2 + 16*d + 12. Let c be o(-6). Suppose 6*w + 170 = 8*w. Let v = w + -13. Calculate the highest common factor of v and c.
24
Suppose -87 = 3*p - 4*p + 2*f, -4*p - 4*f = -396. Let l = p - 50. What is the highest common divisor of l and 15?
15
Suppose 20 = -5*a, 0*t - 4*a + 1452 = 2*t. Suppose 7*v - 344 = t. Let u = 75 - 53. Calculate the greatest common divisor of u and v.
22
Let f(m) = m**3 - 4*m**2 - 10*m - 15. Let c be f(7). Let o = c - -91. What is the highest common divisor of o and 9?
9
Let s be (63/(-36))/(1/52). Let p = -77 - s. What is the greatest common factor of p and 42?
14
Let z(q) = -q**2 - q + 3. Let s be z(0). Suppose -p - 3*p + 104 = d, 5*p - 130 = s*d. Let i = -98 + 163. Calculate the greatest common divisor of p and i.
13
Let l(d) = d**3 - 5*d**2 + 6*d - 8. Let c(r) = r**3 + r**2 - r + 1. Let a(j) = 2*c(j) - l(j). Let h be a(-8). Calculate the highest common factor of 110 and h.
10
Suppose 240 = -2*i + 7*i. Let f = 29 - 17. Suppose -2*c = -c - f. Calculate the highest common divisor of c and i.
12
Let i(f) = 9*f + 1. Let u be i(2). Let q be 19*11 + (-5 - 7)/4. Suppose 0 = -7*y + 193 + q. Calculate the greatest common divisor of u and y.
19
Let s(b) = -b**3 - 11*b**2 + 6*b - 32. Let p be s(-12). What is the greatest common factor of p and 120?
40
Let s(y) = -y**3 - 10*y**2 + 6*y - 28. Let t be s(-11). Suppose 2*p - 16 = -2*p. Let q be 4*p + (2 - 0). Calculate the highest common divisor of q and t.
9
Let d(b) = 3*b**3 - 84*b**2 + 84*b - 41. Let a be d(27). Suppose -2*t - 2*j + 30 = 0, t + 0 = 4*j + 40. What is the highest common factor of a and t?
20
Let a = 5 - 3. Let g = 271 + -191. Suppose -6*d + d + g = 0. What is the highest common divisor of d and a?
2
Let m = -176 + 368. What is the highest common factor of m and 12?
12
Let g(d) = 13*